 d*s - s - 2. Suppose 4 = f*z + c - 24, 4*z + c = 52. What is the tens digit of z?
1
Suppose 4*d + 1205 = 9*d. What is the hundreds digit of d?
2
Let v(b) = 13*b + 2. What is the units digit of v(5)?
7
What is the units digit of 2/9 - 0 - 2608/(-9)?
0
Suppose 15 + 5 = 4*x. What is the units digit of (-4)/x*(-100)/8?
0
Suppose 0 = 3*t - p - 21 - 10, -5*p = 5*t - 25. Let w = 21 - t. What is the units digit of w?
2
What is the units digit of (183/9)/((-6)/(-18))?
1
Let v(o) = o**3 - 4*o**2 + o - 3. Let m be v(4). Let t be (-3)/2*(m - 3). Suppose -2*w + 5*g + 5 = -16, -t*w = g - 6. What is the units digit of w?
3
Let g(m) = 2*m - 8. What is the units digit of g(11)?
4
What is the units digit of 4/14 + (-3848)/(-56)?
9
Suppose 2 - 17 = -5*g. Let b be 4*(7/4 - 1). Let t = g + b. What is the units digit of t?
6
Suppose 0 = k + k - 20. Suppose -2*g = 2*o - 4, 5*g - k = -4*o + o. What is the units digit of g?
2
Suppose -11 - 47 = -f. What is the tens digit of f?
5
Let c(v) = 2*v**3 - 5*v**3 + 4*v + 4 + 4*v**3 - 5*v**2. Let x be c(4). Let h = 7 - x. What is the units digit of h?
3
Suppose 5*f = 15, -3*d + 3*f - 198 = -0*f. Let i = d + 109. What is the tens digit of i?
4
Let h(v) = -v + 1 + 5 + 0 + 0. What is the units digit of h(5)?
1
Let q = 34 + -2. What is the units digit of q?
2
Let y = -10 - -12. Suppose -6*h = -y*h - 28. What is the units digit of h?
7
Suppose -225 = -j - 2*j + 3*q, 5*j - 3*q - 365 = 0. What is the tens digit of j?
7
Let b(p) = 195*p. Let s be b(1). Suppose 0 = -0*l + 5*l - s. What is the tens digit of l?
3
Let y(o) = 7*o**2 - o. Let t be y(5). Let z be t/(-8) + (-2)/(-8). What is the units digit of (6/(-9))/(2/z)?
7
Suppose -2*t + 2*v = -3*v, -4*t - 3*v = -26. Suppose -4*l + 4*w + 28 = -0*l, t*w + 31 = 3*l. What is the units digit of l?
2
What is the units digit of (2892/48)/(2 + 14/(-8))?
1
Let a(n) = -4*n. Let d be a(2). Let u(r) = -r**3 - 9*r**2 - 11*r - 3. What is the units digit of u(d)?
1
Let o = -4 + 4. Suppose 3*v - 2 - 7 = o. Suppose 0*c + 3*c - 12 = 0, -v*j - 6 = -3*c. What is the units digit of j?
2
Let w be 20/6*(-6)/(-5). Let j(p) be the third derivative of p**4/12 + p**3/3 - 7*p**2. What is the units digit of j(w)?
0
Let l(n) = n**3 - 6*n**2 + 6*n. What is the tens digit of l(6)?
3
Suppose 0*k - 5*k + 25 = 0. Suppose 8 = 2*s + 4*a + 24, 4*s - 20 = k*a. Let j = 7 - s. What is the units digit of j?
7
Suppose 0*t = -t + 16. What is the tens digit of t?
1
Let f(a) = 39*a - 3. What is the units digit of f(2)?
5
Suppose 0 = 3*h + 2*w - 12 + 4, 15 = 5*h + 5*w. Suppose z - h*y = -2*z + 22, 4*y - 4 = 0. What is the units digit of z?
8
Let m = 8 - 9. Let s(t) = -11*t. What is the tens digit of s(m)?
1
Let h(m) = m**2 + 8*m + 9. Let q be h(-7). Let y(f) = 4*f - q*f - 3 - 2*f - f. What is the units digit of y(-6)?
3
Suppose -21 = 2*x - 3*y, -2*x - 2*y - 25 - 1 = 0. Let q = 17 + x. What is the units digit of q?
5
What is the units digit of ((-2)/(-4))/((-5)/(-10))?
1
Suppose -z - 4*k = -k - 423, 2*k = 5*z - 2115. What is the hundreds digit of z?
4
Let u(f) = -f**3 + f**2 + 5*f + 7. What is the units digit of u(-2)?
9
Let d = -5 - -12. Suppose 0 = -5*m + d - 67. What is the units digit of 1*(-1)/(2/m)?
6
What is the hundreds digit of 938/3 - (-1)/(-1 - -4)?
3
Let g(i) = -i**3 - 7*i**2 - i - 4. Let d be g(-7). Suppose 0*t = d*t. Let p = 1 - t. What is the units digit of p?
1
Let r = -5 - -65. What is the tens digit of r?
6
Suppose 2*s = -k + 10, -3*k - s = -1 - 4. Suppose 3*h = 5*y + 130, k = -4*h + h - 2*y + 95. What is the units digit of h?
5
Let i(m) = -2*m - 1. Let a be i(-2). Suppose -2*r - a*r + 230 = 0. What is the units digit of r?
6
Let w(t) = 1 - 3 + 1 + 17*t. What is the units digit of w(1)?
6
Let l(i) = 3*i - 7. What is the tens digit of l(9)?
2
Let r be -1*2*(-2)/(-4). Let g be 0 + 1*-2*r. Suppose -12 + g = -5*u. What is the units digit of u?
2
Suppose 2*n - 3*n - 6 = 2*f, 5*n + 15 = -5*f. Let m(u) = u**3 - 3*u**2 + 3*u - 1. Let g be m(2). Suppose n*t - g = -t. What is the units digit of t?
1
Suppose 17 - 57 = -5*y. Suppose -2*m + 35 = -3*c, -c - y = -2*m + 21. What is the units digit of m?
3
Let x be (-77)/(-21) + (-2)/(-6). Suppose 1 - x = -q. Let l(n) = n**2 + n - 3. What is the units digit of l(q)?
9
Suppose b - 4*b + l = -24, -4*b + 31 = -l. Let m = b + -5. Suppose -3*n - m*i + 2 = 0, -4*n + 1 + 1 = 3*i. What is the units digit of n?
2
Suppose -74 = -5*h + 81. What is the units digit of h?
1
Let l(t) = t**3 + 8*t**2 - 6*t - 9. What is the tens digit of l(-8)?
3
What is the hundreds digit of 6*2/4 + (-657)/(-3)?
2
Suppose r + 82 = 263. What is the tens digit of r?
8
Suppose 3*d = -0*d - 9. Let a(o) = -2*o**3 + 7*o**2 + 5*o + 3. Let i(p) = -p**3 + 6*p**2 + 5*p + 3. Let v(t) = 2*a(t) - 3*i(t). What is the units digit of v(d)?
3
Let v(q) = -q**2 - 8*q - 4. Let c be v(-6). What is the units digit of c/(-6)*(-3)/2?
2
Suppose 4*w - 13 = -1. Suppose w*x = -4*n - 16, 2*n = -3*n + 3*x - 20. What is the units digit of 3/n - 306/(-24)?
2
What is the tens digit of 86*(-1 + 6/4)?
4
Let v(l) = 2*l**3 + l**2 - 2*l. Let a(z) = z - 7. Let i be a(9). What is the tens digit of v(i)?
1
Let r(q) = -q**3 + 6*q**2 - 5*q + 2. Suppose 4*k - 17 = -x, 0 = -5*k + 4*x + 3 - 8. What is the units digit of r(k)?
4
Suppose -5*x = -x - 112. Suppose -4*n + x = -o + 6*o, 3*n = -4*o + 22. Suppose 2*l + 3*l + p = 46, -2*p + 38 = o*l. What is the units digit of l?
9
Let u = 6 + -12. What is the tens digit of (u/15)/(1/(-40))?
1
Let d(o) = -4*o. Let g be d(-6). Suppose 0 = -3*n - n + g. What is the units digit of n?
6
Let o(u) = u**2 - 3. Let b be o(-2). What is the tens digit of (-57)/(-3)*(b + 0)?
1
Let p(r) = r**3 + r**2 - 2*r + 1. Let u be p(-2). Let q(v) = v**3 - v**2 + 2*v - 1. What is the units digit of q(u)?
1
Let n(j) = -j**2 + 7*j - 2. Let x be n(5). Let b = x + -5. What is the units digit of b?
3
Suppose 2*j + 3 = 13. Suppose -3*y = -o - 46, -3 = -4*o + j. What is the units digit of y?
6
Suppose q = -0*q + 74. What is the tens digit of q?
7
Let m = -6 - -4. Let c be m/(-10) + 38/10. Suppose -3*v = c*o - 21, -o = v - 6*v + 12. What is the units digit of o?
3
Suppose h + 3*h = 0. Suppose 2*n + 0 - 10 = h. Suppose 4*c = -2*l + 20, -n*l + 3 = -c - 25. What is the units digit of l?
6
Suppose -3*s = -3*b + 414, 0*b - 4*s + 520 = 4*b. What is the hundreds digit of b?
1
Let h = -13 - -14. Suppose -h = 5*d - 81. What is the tens digit of d?
1
Let v(f) be the first derivative of -f**4/4 - 5*f**3/3 + 3*f**2 + 5*f - 4. What is the units digit of v(-6)?
5
Let s(r) = r**2 + 5*r - 1. Let j(k) = 4 - 4 + 6*k. Let i be j(-1). What is the units digit of s(i)?
5
Let p(t) = t**3 - 3*t**2 - 8*t + 4. Let d be p(5). Let b = d - -8. What is the tens digit of b?
2
Suppose -4*d = d - 30. Let o be (16/(-6))/((-4)/d). What is the units digit of (-1)/(2/(0 - o))?
2
Let v(d) = d**3 + 12*d**2 - 2*d - 22. What is the units digit of v(-12)?
2
Let f(k) be the second derivative of k**5/20 - k**4/6 - k**3/2 + 3*k**2/2 - k. Let c be f(3). Let j = c + -1. What is the units digit of j?
2
Suppose j - 2*n + 4 = -j, -2*n = -10. Suppose 2*z + 4*f = 3*z - 13, -26 = -4*z + j*f. What is the units digit of z?
5
Let l = 1 + 1. Suppose 3*k = -l*k + 60. What is the units digit of k?
2
Let r(c) = -c**2 - c + 15. Let x = -2 + 2. Let f be r(x). Let w = f - 7. What is the units digit of w?
8
Let t(k) = 10*k**3 + k**2 - 5*k + 5. What is the units digit of t(2)?
9
Let q(y) = y**3 - 6*y**2 - y + 8. What is the units digit of q(6)?
2
Suppose 0 = 5*i - 53 - 12. What is the tens digit of i?
1
Let l(b) = -b + 1. Let n be l(-1). Suppose -n*s = 3*f - 69, -101 = -3*s - 2*f - 3*f. What is the units digit of s?
2
Suppose -2*p + 0 = -4. Suppose 18 = p*m - 2. What is the units digit of m?
0
Suppose 0*f + 3*f - 5 = 4*o, f - 3 = 0. What is the units digit of o/(-4)*5*-4?
5
Let c be (-42 + 0)/(0 - 1). Suppose -3*q = -c - 9. What is the tens digit of q?
1
Let s(b) be the third derivative of b**4/12 + 2*b**3/3 - b**2. Let j be s(-6). Let d = j - -23. What is the units digit of d?
5
Let q(c) = -3*c - 1. Let d be q(-1). Let x be d/6 - (-3)/(-9). Suppose 1 = b + 2*f + 2, x = -4*f - 12. What is the units digit of b?
5
Let l(h) = -h + 1. Let p be l(-5). Let m be ((-10)/4)/(3/p). Let n = 0 - m. What is the units dig